se v - 5*l = -1 - 3, 3*v + l = -12. Let c(g) be the second derivative of -g**4/12 - 2*g**3/3 - g**2/2 + 10*g. What is c(v)?
-1
Let s be 0 - (0/2 + -5). Let h(q) = q + s + 1 + 0*q**2 - q**2 - 5 + 3*q**3. Let n be h(-1). Let j(a) = a + 5. What is j(n)?
1
Let t(m) be the first derivative of m**3/3 + 4*m**2 + 4*m + 2. Let l be t(-8). Let o(h) = h - 7. Determine o(l).
-3
Let h(s) = -s + 2. Let m = -26 + 31. Give h(m).
-3
Let y(p) = -9*p + 2*p**2 - 6*p**2 + 3*p**2 + 3 - 12. Determine y(-8).
-1
Let g(c) = c - 5*c + c**2 + 3 + 9*c. Determine g(-5).
3
Let o(f) = -f**2 - 5*f - 5. Let w be o(-5). Let r = 10 + -6. Let n(j) = 3 - 4*j - r*j + 4 - j**2 + 4*j. Determine n(w).
2
Let y(d) = -d**2 + 6*d - 6. Let l(u) = -u**2 + 5*u - 5. Let o(w) = -7*l(w) + 6*y(w). Let x be (4/(-1))/((-6)/3). Calculate o(x).
5
Let u(a) = -2*a - 1. Suppose 9*v - 16 + 7 = 0. What is u(v)?
-3
Let k(h) be the first derivative of h**2 - 2*h - 3. Let d be k(3). Let x(n) = -n**2 + 3*n. Give x(d).
-4
Let s(r) be the third derivative of r**7/5040 + r**6/180 + r**5/15 - 4*r**2. Let t(d) be the third derivative of s(d). Give t(-5).
-1
Let r(o) = -o**3 + o**2 + 1. Let i(l) = -4*l**3 - 2*l**2 + 3. Let p(b) = -i(b) + 3*r(b). Suppose 5*h - 16 = 9. Let c be -1*h/(-1 + 2). What is p(c)?
0
Let c(x) = -12*x**3 + 5*x + 7*x**2 - 12*x**3 + 6 + 25*x**3. Determine c(-6).
12
Let b be 2/(-9) - 6/(-27). Suppose b = -z - 3 + 6. Let h(s) = s**3 - 2*s**2 - 3*s + 3. What is h(z)?
3
Let d(c) = c**3 - 7*c**2 + 8*c - 2. Suppose 7*f = 11*f - 24. What is d(f)?
10
Suppose -5*y = 5*s - 2*y + 15, -10 = 2*y. Let u(z) be the third derivative of -1/12*z**4 + 0 + 1/24*z**6 + 0*z**5 + 3*z**2 + s*z + 1/6*z**3. Determine u(1).
4
Let x be (-3)/3 - 8/(-4). Let u = x + 3. Let f(m) = -m**3 + 4*m**2 - 2*m + 6. What is f(u)?
-2
Let w = 9 + -4. Let g(p) be the third derivative of 0*p - 1/120*p**6 - 1/6*p**3 + 1/12*p**5 + 0 + 3*p**2 - 1/24*p**4. What is g(w)?
-6
Let c(t) = -t - 3. Let m(b) = -b**2 - 6*b - 5. Let j be m(-6). Let f be c(j). Let s(u) = -u**3 + u**2 - u + 1. Give s(f).
-5
Let r(f) = -f**2 - 5*f + 2. Let a = -5 - -5. Let y be 3 - (a + (2 - 4)). Suppose 4*d + 17 = y. Give r(d).
8
Let k(q) be the first derivative of q**5/20 + q**4/2 + q**3/6 + 7*q**2/2 - 2*q - 4. Let z(a) be the first derivative of k(a). Give z(-6).
1
Let c(r) be the third derivative of r**4/24 - 4*r**3/3 - 39*r**2. What is c(0)?
-8
Let b(u) = 2*u - 2. Let g(p) = -p**2 - 8*p - 2. Let k be g(-8). Let l = 1 + k. Let y be l/2 - 12/8. Calculate b(y).
-6
Suppose -2*i - 22 = 14. Let t be (-1)/3*i/2. Suppose 0 = -6*w + t*w. Let k(u) = -u**2 - 7. What is k(w)?
-7
Let h = -9 - -5. Let f(u) = 0*u**2 - u - 5*u**2 + 36*u**3 + 5 - 37*u**3. What is f(h)?
-7
Let f(m) = -7. Let p(o) = o - 13. Let u = 19 - 17. Let z(q) = u*p(q) - 5*f(q). Calculate z(-6).
-3
Let i(h) be the first derivative of -h**4/4 + 4*h**3/3 + 2*h**2 + h - 5. Let z be 7/(-9) + (-2)/9. Let n = z + 6. Calculate i(n).
-4
Let j(u) = 3*u + 4 - 2*u - 6. Let z be j(2). Suppose d + z = 4. Let i(h) = -h**2 + h + 5. Calculate i(d).
-7
Let u(h) = h**3 + h**2 - h - 1. Let g(b) = 5*b**3 + 7*b**2 - 1. Let o(v) = g(v) - 3*u(v). Suppose -6 = -5*r + 9. Suppose -r*m - 5 - 1 = 0. Give o(m).
-4
Let f(b) = -2*b**2 + 6*b - 6. Let t(o) = o**2 - o + 1. Let d(a) = f(a) + 3*t(a). Determine d(-3).
-3
Let v(d) = -2 + 5*d**2 + 0 + 3. Calculate v(1).
6
Let c(q) = -q**3 - 8*q**2 - q + 2. Suppose 19*d - 20*d = 8. Calculate c(d).
10
Let l(v) be the first derivative of -5*v**3/3 - v**2 - v + 2. Let f be 1/(((-2)/2)/1). Let j be l(f). Let b(y) = -y**3 - 3*y**2 + 3*y - 5. Calculate b(j).
-1
Let r be ((-23)/(-10) + (-1)/(-5))*2. Let g(u) = -u**3 + 4*u**2 - 2*u + 5. Calculate g(r).
-30
Suppose -2*o - 12 = -5*o, 3*f + 2*o - 23 = 0. Suppose -f*x = 25, -4*x = 3*g - g - 10. Suppose -2*m - g = m. Let i(l) = l**3 + 5*l**2 + 2*l. Determine i(m).
-10
Let x(f) be the second derivative of -f**3/6 - f**2 + 2*f. Let v(r) = -1. Let p(q) = -4*v(q) + x(q). Determine p(1).
1
Let g = 8 - 18. Let n be ((-2)/5)/(2/g). Let z(v) = v + 2. What is z(n)?
4
Let n(v) = v**3 - 3*v**2 - 6*v + 4. Let p = -23 - -14. Let i be (-30)/p - 2/6. Let u be (-2 + i)/(1/4). Give n(u).
-4
Suppose -4*p - 12 = -4*m, -5*p - 4 = 4*m - 25. Let l(j) = -j**2 + j - 1. Calculate l(p).
-1
Suppose -4*m + 1 = -3. Let h(u) = 4*u**3 - 5*u**2 + 4. Let d(z) = -3*z**3 + 6*z**2 - 5. Let b(f) = 3*d(f) + 4*h(f). Determine b(m).
6
Let u be (2 - -2) + -5 + 3. Let t(c) = -c - 2 + 2. Determine t(u).
-2
Let o(w) = -w - 2. Let b be o(-4). Let k(m) = 8 - 3 + 2*m**b - 4. Let h = -4 - -3. Determine k(h).
3
Let t(v) = 0 - 2 + 2*v**2 + 18*v**3 + 1. Determine t(1).
19
Let s be 2*(3 - -1)/8. Let m(j) = 0 + 5*j + 2*j + j + s. Give m(-1).
-7
Let k(g) be the first derivative of -g**2/2 - g + 21. Give k(3).
-4
Suppose -4*r - 4*s = 0, -r - s = -4*r - 12. Let l(h) be the first derivative of h**3/3 + 3*h**2/2 - h - 1. Give l(r).
-1
Let d(a) = a**3 + 4*a**2 - 3*a - 3. Suppose 2*k = -19 + 15. Calculate d(k).
11
Let n(q) be the first derivative of q**3/3 - 4*q**2 - 11*q + 1. Determine n(9).
-2
Let k(q) = -2*q**3 + 4*q**2 + 3. Let n(v) = -v**3 - 7*v**2 + 7*v - 1. Let x be n(-8). Let m = -4 + x. Give k(m).
-15
Let z(h) = -h - 8. Let f be (3/(-6))/((-12)/(-8))*0. Determine z(f).
-8
Let x = 2 + -1. Let o(n) = 11*n - 2. Let a(m) = 17*m - 3. Let y(r) = -5*a(r) + 8*o(r). Determine y(x).
2
Let l(s) = s**2 + 3*s + 4. Let m(g) = 2*g - 4. Let k(o) = 2*o - 5. Let t(z) = -4*k(z) + 5*m(z). Let q be t(-3). Let w be 11/(-3) + q/(-9). What is l(w)?
4
Let u(t) = -t**3 - 4*t**2 - 5*t - 4. Let j(b) = b + 23. Let g be j(0). Let l = g - 11. Suppose -4*p + 0 - l = 0. Determine u(p).
2
Let a(y) = 1. Let i(j) = -j**2 - 8*j - 5. Let s(c) = 4*a(c) - i(c). What is s(-7)?
2
Let p = 33 + -18. Suppose 4*c + 6 = 2*s, -2*s - p - 11 = 4*c. Let g(z) = -z - 3. Calculate g(s).
2
Let j(b) = 7*b - 6. Let v(i) = 6*i - 5. Let s(a) = 5*j(a) - 6*v(a). What is s(-4)?
4
Let u be -3*(-1)/(-3)*-1. Let k = -3 - u. Let s(d) = -d**3 - 5*d**2 - 6*d - 5. Let z be s(k). Let p(b) = -b**3 + 2*b**2 + 2. Calculate p(z).
-7
Suppose 0 = 3*p - 6*p. Suppose 2 = 2*h - 8. Let z(t) = -t - 1. Let r(f) = 4*f + 13. Let o(v) = h*z(v) + r(v). Calculate o(p).
8
Suppose -2*f + 5 + 3 = 0. Let o(k) be the second derivative of 0*k**2 + 2*k + 0 + 1/20*k**5 - 2/3*k**3 - 1/4*k**4. What is o(f)?
0
Let r(k) = k**2 - 5*k + 6. Let n be r(4). Let w(s) = -s**2 - 2. Calculate w(n).
-6
Let s(o) = -3*o - 5. Let g be s(-4). Let t(w) = -w. Let k be t(g). Let f(c) = c**2 + 8*c + 6. Give f(k).
-1
Let c(t) = 4*t**2 + 6*t - 1. Let f(b) = -2*b**2 - 3*b + 1. Let z(a) = 4*c(a) + 7*f(a). Let g = -2 - 12. Let l be (-2)/7 - (-24)/g. What is z(l)?
5
Let w(p) = -p. Suppose -4*v = 5 + 7. What is w(v)?
3
Let q = -1 + 1. Suppose 4*s + 20 + q = 0. Let h(x) = x + 5. Let y be h(s). Let f(l) = -l + 3. Calculate f(y).
3
Let o(h) be the first derivative of -h**2/2 - 5*h + 9. Calculate o(-6).
1
Let j(z) = z**2 - z - 1. Let k(l) = -l**2 + 5*l. Let t(i) = 2*j(i) + k(i). Let u(h) be the first derivative of t(h). Let w be (-2)/(-6) + (-10)/3. Give u(w).
-3
Let d = -112/3 - -229/6. Let a(l) be the third derivative of -1/8*l**4 + d*l**3 - 3*l**2 + 0*l + 0. What is a(4)?
-7
Let a(k) = k + 2. Suppose 11 = -p - 3*j, j - 1 = -3*p - 18. What is a(p)?
-3
Let i(o) = -o**3 - 5*o**2 - 3*o + 3. Suppose 3*j = -9, k + 0*k = -2*j - 16. Let w = k - -7. Calculate i(w).
-6
Let l(a) = 16*a**2 + 2*a - 19*a**2 + 1 + a**3 + 0*a**3. What is l(2)?
1
Let h(d) = -6*d - 4. Let a(b) = 13*b + 7. Let l(r) = 2*a(r) + 5*h(r). Let y(w) = -38*w - 232. Let v be y(-6). What is l(v)?
10
Let h(v) = -2*v - 4. Suppose 12 = 4*u - 7*u. What is h(u)?
4
Let k(b) be the first derivative of b**4/4 + 2*b**3 + 4*b - 1. Let v be k(-6). Let u be 2/(-8) - (-9)/v. Let j(f) = 2*f**3 - 2*f**2 - f - 2. Determine j(u).
4
Let b(l) = -5*l**2 + 26*l + 3. Let f = -2 - -5. Let o(u) be the first derivative of 2*u**3/3 - 9*u**2/2 - u - 2. Let g(v) = f*b(v) + 8*o(v). Give g(-5).
-4
Let s(j) = j**3 + 5*j**2 + j + 4. Let x(h) = h + 2. Suppose -k = -4*k + 15. Suppose 15 = -k*d - 20. Let y be x(d). Give s(y).
-1
Let a(d) = -1 + 33*d + 1 - 1 - 32*d. Give a(-4).
-5
Let x(m) = -m + 1. Let q = 45 + -37. Give x(q).
-7
Let s(y) = -y**2 + 6*y - 4. Let o be 96/15 + -1 - 2/5. What is s(o)?
1
Let i(m) = -3